{"id":273,"date":"2013-04-11T16:24:33","date_gmt":"2013-04-11T16:24:33","guid":{"rendered":"http:\/\/www.theatervaganten.de\/?page_id=273"},"modified":"2017-08-18T20:15:39","modified_gmt":"2017-08-18T20:15:39","slug":"vier-scharfe-richterinnen","status":"publish","type":"page","link":"https:\/\/www.theatervaganten.de\/?page_id=273","title":{"rendered":"Vier scharfe Richterinnen"},"content":{"rendered":"<p><strong>Vier scharfe Richterinnen (Time to kill) <\/strong><\/p>\n<p>Ein Psycho-Thriller in 2 Akten von Leslie Darbon. Deutsch von Ruth und Rick Mueller<\/p>\n<p>Vier Ehefrauen langweilen sich &#8211; und befriedigen sich aus diesem Grund mit einigen mehr als extravaganten Spielen. Schlie\u00dflich inszenieren sie sogar eine Gerichtsverhandlung gegen den Dandy Alan Sexton, der f\u00fcr den Selbstmord einer Frau verantwortlich gemacht wird. Alan wird gedem\u00fctigt, soll sogar zum Tode verurteilt werden. Aber die Fronten ver\u00e4ndern sich, als der Gatte einer der Richterinnen, der als Verteidiger herhalten sollte, sich als Mitschuldiger entpuppt. Und auch eine Richterin ist schuldiger, als zu Beginn zu ahnen ist. Das Sicherheitsnetz der Lebensl\u00fcgen zerrei\u00dft &#8230;<\/p>\n<p>Die n\u00e4chste Auff\u00fchrung startet am 16. Mai 2014 im Jazzkeller Hofheim um 20 Uhr. Weitere Informationen finden sie auch auf der Website des Jazzkellers: <a href=\"http:\/\/jazzkeller-hofheim.de\/e107_plugins\/content\/content.php?content.564\">www.jazzkeller-hofheim.de<\/a><\/p>\n<p><strong>Darsteller\/ Lesende sind:<br \/>\n<\/strong>(In der Reihenfolge ihres Auftretens)<br \/>\nDON Parkes (Ulvi Demirtel)<br \/>\nMaggie Parkes (Petra Weyand-Freydank)<br \/>\nHelen Francis (Barbara K\u00f6nig)<br \/>\nAlan Sexton (Harald Haaker)<br \/>\nJane Abbott (Anette R\u00f6delbronn)<br \/>\nTina-Liz Thomas (Barbara Kaufmann)<\/p>\n<p>Ansprechpartner:<\/p>\n<p>Die Theater-Vaganten Amateurb\u00fchne Hofheim e.V.<\/p>\n<p>c\/o Jens Schr\u00f6der, Tel. 01512 &#8211; 5355043<br \/>\nHarald Haaker Tel. 0174 &#8211; 7884667<\/p>\n<p><a href=\"http:\/\/www.theatervaganten.de\/wp-content\/uploads\/2013\/06\/20130617-222812.jpg\"><img class=\"alignnone size-full\" src=\"http:\/\/www.theatervaganten.de\/wp-content\/uploads\/2013\/06\/20130617-222812.jpg\" alt=\"20130617-222812.jpg\" \/><\/a><\/p>\n","protected":false},"excerpt":{"rendered":"<p>Vier scharfe Richterinnen (Time to kill) Ein Psycho-Thriller in 2 Akten von Leslie Darbon. Deutsch von Ruth und Rick Mueller Vier Ehefrauen langweilen sich &#8211; und befriedigen sich aus diesem Grund mit einigen mehr als extravaganten Spielen. Schlie\u00dflich inszenieren sie sogar eine Gerichtsverhandlung gegen den Dandy Alan Sexton, der f\u00fcr den Selbstmord einer Frau verantwortlich &hellip; <\/p>\n<p><a class=\"more-link btn\" href=\"https:\/\/www.theatervaganten.de\/?page_id=273\">Continue reading<\/a><\/p>\n","protected":false},"author":2,"featured_media":0,"parent":16,"menu_order":7,"comment_status":"closed","ping_status":"closed","template":"","meta":[],"_links":{"self":[{"href":"https:\/\/www.theatervaganten.de\/index.php?rest_route=\/wp\/v2\/pages\/273"}],"collection":[{"href":"https:\/\/www.theatervaganten.de\/index.php?rest_route=\/wp\/v2\/pages"}],"about":[{"href":"https:\/\/www.theatervaganten.de\/index.php?rest_route=\/wp\/v2\/types\/page"}],"author":[{"embeddable":true,"href":"https:\/\/www.theatervaganten.de\/index.php?rest_route=\/wp\/v2\/users\/2"}],"replies":[{"embeddable":true,"href":"https:\/\/www.theatervaganten.de\/index.php?rest_route=%2Fwp%2Fv2%2Fcomments&post=273"}],"version-history":[{"count":19,"href":"https:\/\/www.theatervaganten.de\/index.php?rest_route=\/wp\/v2\/pages\/273\/revisions"}],"predecessor-version":[{"id":278,"href":"https:\/\/www.theatervaganten.de\/index.php?rest_route=\/wp\/v2\/pages\/273\/revisions\/278"}],"up":[{"embeddable":true,"href":"https:\/\/www.theatervaganten.de\/index.php?rest_route=\/wp\/v2\/pages\/16"}],"wp:attachment":[{"href":"https:\/\/www.theatervaganten.de\/index.php?rest_route=%2Fwp%2Fv2%2Fmedia&parent=273"}],"curies":[{"name":"wp","href":"https:\/\/api.w.org\/{rel}","templated":true}]}}