{"id":394,"date":"2017-08-18T20:12:44","date_gmt":"2017-08-18T20:12:44","guid":{"rendered":"http:\/\/www.theatervaganten.de\/?page_id=394"},"modified":"2019-07-28T18:03:43","modified_gmt":"2019-07-28T18:03:43","slug":"aphrodites-zimmer","status":"publish","type":"page","link":"https:\/\/www.theatervaganten.de\/?page_id=394","title":{"rendered":"Aphrodites Zimmer"},"content":{"rendered":"<h2><a href=\"http:\/\/www.theatervaganten.de\/wp-content\/uploads\/2017\/08\/Header_Aphrodite.jpg\"><img loading=\"lazy\" class=\"alignnone size-medium wp-image-403\" src=\"http:\/\/www.theatervaganten.de\/wp-content\/uploads\/2017\/08\/Header_Aphrodite.jpg\" alt=\"\" width=\"600\" height=\"250\"><\/a><br \/>\n<strong><br \/>\nUnser aktuelles St\u00fcck<\/strong><\/h2>\n<p>&#8222;Aphrodites Zimmer&#8220; von Walter G. Pfaus<\/p>\n<p><strong>\u201eSo, hier ist es. Das Zimmer Aphrodite, G\u00f6ttin der Sch\u00f6nheit und der Liebe\u2026\u201c<\/strong><\/p>\n<p>leiert das Zimmerm\u00e4dchen zur Begr\u00fc\u00dfung des angereisten Ehepaars herunter und h\u00e4lt die Hand f\u00fcrs Trinkgeld auf. Das wird sie \u00f6fter mit Erfolg tun. Sie spioniert n\u00e4mlich geschickt die Geheimnisse der Hotelg\u00e4ste aus und l\u00e4sst sich f\u00fcr ihr Schweigen bezahlen.<\/p>\n<p>Dass sich die Hochzeitsreise des Paares zu einem solchen Liebes-Chaos entwickelt, war nicht geplant, aber schnell vorhersehbar. Da verf\u00fchrt doch tats\u00e4chlich jeder jeden: ob es der sportliche Frauenheld, der als Italiener getarnte Hausfreund oder der entgegenkommende Hotelier ist. Und ach ja, die Frauen: In jeder steckt schlie\u00dflich eine Aphrodite, mal cool, mal temperamentvoll, mal eifers\u00fcchtig, aber immer begehrlich.<\/p>\n<p>Ein freches Theaterst\u00fcck mit viel Herz und Humor.<\/p>\n<p><a href=\"http:\/\/www.theatervaganten.de\/wp-content\/uploads\/2017\/08\/Ensemble.jpg\"><img loading=\"lazy\" src=\"http:\/\/www.theatervaganten.de\/wp-content\/uploads\/2017\/08\/Ensemble.jpg\" alt=\"\" width=\"978\" height=\"433\" class=\"alignnone size-full wp-image-429\" srcset=\"https:\/\/www.theatervaganten.de\/wp-content\/uploads\/2017\/08\/Ensemble.jpg 978w, https:\/\/www.theatervaganten.de\/wp-content\/uploads\/2017\/08\/Ensemble-300x133.jpg 300w, https:\/\/www.theatervaganten.de\/wp-content\/uploads\/2017\/08\/Ensemble-768x340.jpg 768w, https:\/\/www.theatervaganten.de\/wp-content\/uploads\/2017\/08\/Ensemble-542x240.jpg 542w\" sizes=\"(max-width: 978px) 100vw, 978px\" \/><\/a><\/p>\n<p><strong>Die Darsteller<\/strong><\/p>\n<p>Ralf Schwarz (der Ehemann) &#8211; Jens Schr\u00f6der<br \/>\nSandra Schwarz (seine Frau) &#8211; Tanja Solas \/ Lisa Striezel<br \/>\nValerie Berg (Ralfs Geliebte) &#8211; Christina Wittal<br \/>\nLaura (das Zimmerm\u00e4dchen) &#8211; Barbara K\u00f6nig<br \/>\nStefan Wilmer (Ralfs Freund) &#8211; Ulvi Demirtel<br \/>\nRuth Wilmer (seine Frau) &#8211; Christine Kumpert<br \/>\nMax O&#8217;Sullivan (der Gesch\u00e4ftsf\u00fchrer) &#8211; Reinhard Buss<br \/>\nPetra (Freundin des Zimmerm\u00e4dchens) &#8211; Lisa Striezel \/ Elisabeth Schulz<\/p>\n<p><strong>Regie<\/strong><\/p>\n<p>Barbara Kaufmann<\/p>\n<p>&nbsp;<\/p>\n","protected":false},"excerpt":{"rendered":"<p>Unser aktuelles St\u00fcck &#8222;Aphrodites Zimmer&#8220; von Walter G. Pfaus \u201eSo, hier ist es. Das Zimmer Aphrodite, G\u00f6ttin der Sch\u00f6nheit und der Liebe\u2026\u201c leiert das Zimmerm\u00e4dchen zur Begr\u00fc\u00dfung des angereisten Ehepaars herunter und h\u00e4lt die Hand f\u00fcrs Trinkgeld auf. Das wird sie \u00f6fter mit Erfolg tun. Sie spioniert n\u00e4mlich geschickt die Geheimnisse der Hotelg\u00e4ste aus und &hellip; <\/p>\n<p><a class=\"more-link btn\" href=\"https:\/\/www.theatervaganten.de\/?page_id=394\">Continue reading<\/a><\/p>\n","protected":false},"author":2,"featured_media":0,"parent":16,"menu_order":2,"comment_status":"closed","ping_status":"closed","template":"","meta":[],"_links":{"self":[{"href":"https:\/\/www.theatervaganten.de\/index.php?rest_route=\/wp\/v2\/pages\/394"}],"collection":[{"href":"https:\/\/www.theatervaganten.de\/index.php?rest_route=\/wp\/v2\/pages"}],"about":[{"href":"https:\/\/www.theatervaganten.de\/index.php?rest_route=\/wp\/v2\/types\/page"}],"author":[{"embeddable":true,"href":"https:\/\/www.theatervaganten.de\/index.php?rest_route=\/wp\/v2\/users\/2"}],"replies":[{"embeddable":true,"href":"https:\/\/www.theatervaganten.de\/index.php?rest_route=%2Fwp%2Fv2%2Fcomments&post=394"}],"version-history":[{"count":10,"href":"https:\/\/www.theatervaganten.de\/index.php?rest_route=\/wp\/v2\/pages\/394\/revisions"}],"predecessor-version":[{"id":514,"href":"https:\/\/www.theatervaganten.de\/index.php?rest_route=\/wp\/v2\/pages\/394\/revisions\/514"}],"up":[{"embeddable":true,"href":"https:\/\/www.theatervaganten.de\/index.php?rest_route=\/wp\/v2\/pages\/16"}],"wp:attachment":[{"href":"https:\/\/www.theatervaganten.de\/index.php?rest_route=%2Fwp%2Fv2%2Fmedia&parent=394"}],"curies":[{"name":"wp","href":"https:\/\/api.w.org\/{rel}","templated":true}]}}